{"id":9607,"date":"2010-08-23T23:35:48","date_gmt":"2010-08-24T05:35:48","guid":{"rendered":"http:\/\/www.yocreomifuturo.com\/?page_id=9607"},"modified":"2010-08-23T23:48:31","modified_gmt":"2010-08-24T05:48:31","slug":"frases-motivacionales","status":"publish","type":"page","link":"http:\/\/www.yocreomifuturo.com\/?page_id=9607","title":{"rendered":"Frases Motivacionales por Email"},"content":{"rendered":"<p style=\"text-align: justify;\">Imag\u00ednate llenar todos los d\u00edas tu mente con frases inspiradoras que te hacen pensar o motivarte a lograr lo que m\u00e1s deseas.<\/p>\n<p style=\"text-align: justify;\">Ahora puedes recibir diariamente en tu correo electr\u00f3nico (email) todo el poder que te dan las Frases Motivacionales de YoCreMiFuturo.com.<\/p>\n<p style=\"text-align: justify;\">Suscr\u00edbete en la direcci\u00f3n: <a href=\"http:\/\/yocreomifuturo.com\/listas\/?p=subscribe&amp;id=1\">http:\/\/yocreomifuturo.com\/listas\/?p=subscribe&amp;id=1<\/a>\u00a0o haciendo click en el \u00edcono:<\/p>\n<p style=\"text-align: center;\"><a href=\"http:\/\/yocreomifuturo.com\/listas\/?p=subscribe&amp;id=1\" target=\"_blank\"><img loading=\"lazy\" decoding=\"async\" data-attachment-id=\"9573\" data-permalink=\"http:\/\/www.yocreomifuturo.com\/?attachment_id=9573\" data-orig-file=\"https:\/\/i0.wp.com\/www.yocreomifuturo.com\/wp-content\/uploads\/2010\/08\/frases_64.png?fit=64%2C64\" data-orig-size=\"64,64\" data-comments-opened=\"1\" data-image-meta=\"{&quot;aperture&quot;:&quot;0&quot;,&quot;credit&quot;:&quot;&quot;,&quot;camera&quot;:&quot;&quot;,&quot;caption&quot;:&quot;&quot;,&quot;created_timestamp&quot;:&quot;0&quot;,&quot;copyright&quot;:&quot;&quot;,&quot;focal_length&quot;:&quot;0&quot;,&quot;iso&quot;:&quot;0&quot;,&quot;shutter_speed&quot;:&quot;0&quot;,&quot;title&quot;:&quot;&quot;}\" data-image-title=\"frases_64\" data-image-description=\"\" data-image-caption=\"\" data-medium-file=\"https:\/\/i0.wp.com\/www.yocreomifuturo.com\/wp-content\/uploads\/2010\/08\/frases_64.png?fit=64%2C64\" data-large-file=\"https:\/\/i0.wp.com\/www.yocreomifuturo.com\/wp-content\/uploads\/2010\/08\/frases_64.png?fit=64%2C64\" class=\"aligncenter size-full wp-image-9573\" title=\"Suscr\u00edbete Aqu\u00ed\" src=\"https:\/\/i0.wp.com\/www.yocreomifuturo.com\/wp-content\/uploads\/2010\/08\/frases_64.png?resize=64%2C64\" alt=\"Suscr\u00edbete Aqu\u00ed\" width=\"64\" height=\"64\" data-recalc-dims=\"1\" \/><\/a><\/p>\n","protected":false},"excerpt":{"rendered":"<p>Imag\u00ednate llenar todos los d\u00edas tu mente con frases inspiradoras que te hacen pensar o motivarte a lograr lo que m\u00e1s deseas. Ahora puedes recibir diariamente en tu correo electr\u00f3nico (email) todo el poder que te dan las Frases Motivacionales de YoCreMiFuturo.com. Suscr\u00edbete en la direcci\u00f3n: http:\/\/yocreomifuturo.com\/listas\/?p=subscribe&amp;id=1\u00a0o haciendo click en el \u00edcono:<\/p>\n","protected":false},"author":1,"featured_media":0,"parent":0,"menu_order":0,"comment_status":"open","ping_status":"open","template":"","meta":{"jetpack_post_was_ever_published":false,"footnotes":""},"aioseo_notices":[],"jetpack_shortlink":"https:\/\/wp.me\/PnpSL-2uX","jetpack_sharing_enabled":true,"jetpack-related-posts":[],"jetpack_likes_enabled":true,"_links":{"self":[{"href":"http:\/\/www.yocreomifuturo.com\/index.php?rest_route=\/wp\/v2\/pages\/9607"}],"collection":[{"href":"http:\/\/www.yocreomifuturo.com\/index.php?rest_route=\/wp\/v2\/pages"}],"about":[{"href":"http:\/\/www.yocreomifuturo.com\/index.php?rest_route=\/wp\/v2\/types\/page"}],"author":[{"embeddable":true,"href":"http:\/\/www.yocreomifuturo.com\/index.php?rest_route=\/wp\/v2\/users\/1"}],"replies":[{"embeddable":true,"href":"http:\/\/www.yocreomifuturo.com\/index.php?rest_route=%2Fwp%2Fv2%2Fcomments&post=9607"}],"version-history":[{"count":13,"href":"http:\/\/www.yocreomifuturo.com\/index.php?rest_route=\/wp\/v2\/pages\/9607\/revisions"}],"predecessor-version":[{"id":19874,"href":"http:\/\/www.yocreomifuturo.com\/index.php?rest_route=\/wp\/v2\/pages\/9607\/revisions\/19874"}],"wp:attachment":[{"href":"http:\/\/www.yocreomifuturo.com\/index.php?rest_route=%2Fwp%2Fv2%2Fmedia&parent=9607"}],"curies":[{"name":"wp","href":"https:\/\/api.w.org\/{rel}","templated":true}]}}